{"id":727,"date":"2022-08-31T13:48:01","date_gmt":"2022-08-31T11:48:01","guid":{"rendered":"http:\/\/www.camping-finsterhof.eu\/?page_id=727"},"modified":"2022-08-31T13:58:19","modified_gmt":"2022-08-31T11:58:19","slug":"bewertungen-2020","status":"publish","type":"page","link":"https:\/\/camping-finsterhof.eu\/?page_id=727","title":{"rendered":"Bewertungen 2020"},"content":{"rendered":"\n<p>Sehr sch\u00f6n neben einem wunderh\u00fcbschen urigen alten Bauernhof im Gr\u00fcnen neben Wiesen und W\u00e4ldern gelegen. Das Areal ist weitl\u00e4ufig und nie \u00fcberf\u00fcllt. Beim Italiener gegen\u00fcber kann man fein speisen. Mit dem Rad, einen Flu\u00df entlang, ist man in rund 15 Minuten in Neulengbach, wo man alles hat, was einem hier noch fehlen k\u00f6nnte.<\/p>\n\n\n\n<p class=\"has-text-color\" style=\"color:#3c7227\"><em>Alex D., 2020<\/em> (Camping-Gast)<\/p>\n\n\n\n<hr class=\"wp-block-separator has-alpha-channel-opacity\"\/>\n\n\n\n<p>Wer die Ruhe und die Natur sucht ist hier bestens aufgehoben.<\/p>\n\n\n\n<p class=\"has-text-color\" style=\"color:#3c7227\"><em>Birgit M., 2020<\/em> (Camping-Gast)<\/p>\n\n\n\n<hr class=\"wp-block-separator has-alpha-channel-opacity\"\/>\n\n\n\n<p>Zur\u00fcck zu <a href=\"https:\/\/camping-finsterhof.eu\/?page_id=534\" data-type=\"URL\" data-id=\"https:\/\/camping-finsterhof.eu\/?page_id=534\">Bewertungen aktuell<\/a> oder <a href=\"https:\/\/camping-finsterhof.eu\/?page_id=726\" data-type=\"URL\" data-id=\"https:\/\/camping-finsterhof.eu\/?page_id=726\">Bewertungen &#8222;\u00e4lter<\/a>&#8222;<\/p>\n","protected":false},"excerpt":{"rendered":"<p>Sehr sch\u00f6n neben einem wunderh\u00fcbschen urigen alten Bauernhof im Gr\u00fcnen neben Wiesen und W\u00e4ldern gelegen. Das Areal ist weitl\u00e4ufig und nie \u00fcberf\u00fcllt. Beim Italiener gegen\u00fcber kann man fein speisen. Mit dem Rad, einen Flu\u00df entlang, ist man in rund 15 Minuten in Neulengbach, wo man alles hat, was einem hier noch fehlen k\u00f6nnte. Alex D., [&hellip;]<\/p>\n","protected":false},"author":3,"featured_media":0,"parent":0,"menu_order":0,"comment_status":"closed","ping_status":"closed","template":"","meta":{"footnotes":""},"class_list":["post-727","page","type-page","status-publish","hentry"],"_links":{"self":[{"href":"https:\/\/camping-finsterhof.eu\/index.php?rest_route=\/wp\/v2\/pages\/727","targetHints":{"allow":["GET"]}}],"collection":[{"href":"https:\/\/camping-finsterhof.eu\/index.php?rest_route=\/wp\/v2\/pages"}],"about":[{"href":"https:\/\/camping-finsterhof.eu\/index.php?rest_route=\/wp\/v2\/types\/page"}],"author":[{"embeddable":true,"href":"https:\/\/camping-finsterhof.eu\/index.php?rest_route=\/wp\/v2\/users\/3"}],"replies":[{"embeddable":true,"href":"https:\/\/camping-finsterhof.eu\/index.php?rest_route=%2Fwp%2Fv2%2Fcomments&post=727"}],"version-history":[{"count":3,"href":"https:\/\/camping-finsterhof.eu\/index.php?rest_route=\/wp\/v2\/pages\/727\/revisions"}],"predecessor-version":[{"id":752,"href":"https:\/\/camping-finsterhof.eu\/index.php?rest_route=\/wp\/v2\/pages\/727\/revisions\/752"}],"wp:attachment":[{"href":"https:\/\/camping-finsterhof.eu\/index.php?rest_route=%2Fwp%2Fv2%2Fmedia&parent=727"}],"curies":[{"name":"wp","href":"https:\/\/api.w.org\/{rel}","templated":true}]}}